 = u - 11. Let b be 8/(-6)*(-216)/16. What is the remainder when w is divided by l(b)?
5
Let s(q) = -7 + 14*q - 8 + 5*q - 3. Calculate the remainder when 56 is divided by s(2).
16
Let d = 9 + -4. Suppose 171 = -d*z + 586. Let c = 0 + z. Calculate the remainder when c is divided by 21.
20
Let c be ((-82)/4)/((-5)/20). Suppose c = -5*r + 342. Calculate the remainder when r is divided by 27.
25
Let d(z) be the second derivative of z**4/12 + 7*z**3/2 - 6*z**2 - 24*z. What is the remainder when (-230)/(-6) - 2/6 is divided by d(-22)?
8
Suppose 9*f - 6*f - 87 = 0. Let o = -21 + f. Calculate the remainder when 39 is divided by o.
7
Calculate the remainder when 219 is divided by (2 - 35/(-7)) + 19.
11
Let k = -7 - -10. Let p(j) = j**3 - 9*j**2 + 8*j + 4. Calculate the remainder when p(8) is divided by k.
1
Let q(l) = l**2 - 3*l - 3. Suppose -4*p + 9*p = 15, 0 = -5*m - 4*p - 23. Let o(h) = h**3 + 5*h**2 - h + 9. What is the remainder when q(m) is divided by o(-5)?
11
Let a = -349 + 380. What is the remainder when 247 is divided by a?
30
Let f(q) = 5*q**2 - 46*q + 17. Calculate the remainder when f(10) is divided by 11.
2
Suppose 0 = -4*v + f + 341, v - 39 = -4*f + 25. Calculate the remainder when v is divided by 9.
3
What is the remainder when -3*(-2)/18*(-2079)/(-11) is divided by 16?
15
Let a(w) = w - 3. Let i be 12/(-14)*(-14 + 7). Let l = -13 - -22. What is the remainder when l is divided by a(i)?
0
Let s(w) = -6*w**2 + 14*w**2 - 6 - 2 - 5*w + w**3. What is the remainder when 93 is divided by s(-8)?
29
Let v(h) = 2*h**2 - 5*h - 3. Let z(g) = -14*g - 8. Let m be z(-1). What is the remainder when v(m) is divided by 7?
4
Let s(i) = -i**3 - i**2 - i + 9. Let a be s(0). Calculate the remainder when 7/(-35)*-215 - 9 is divided by (a + 0)*(1 - -1).
16
Calculate the remainder when ((-231)/(-44))/(6/64) is divided by 30.
26
Let a = 676 - 352. Suppose 0 = -10*k + k + a. What is the remainder when 70 is divided by k?
34
Let d = 14 - 14. Suppose d = -0*j + j - 57. Suppose 0*i - 138 = -3*i - 4*t, 0 = i + 5*t - j. What is the remainder when i is divided by 12?
6
Let t(h) = -h**2 + h + 34. Let q = -3 + 1. What is the remainder when (-37)/(-4) - q/(-8) is divided by t(6)?
1
Suppose 6*l = 4516 - 4426. Let b = -1 - -2. Calculate the remainder when l is divided by b.
0
Suppose c + 10*c - 99 = 0. Calculate the remainder when 42 is divided by c.
6
Suppose 3*x + 5 = j - 6, -3*j = -4*x - 43. What is the remainder when 118 is divided by j?
16
Calculate the remainder when 56 is divided by 3060/108 + 0 + (-4)/(-6).
27
Suppose -5*l + b + 530 = 0, 16*l - 11*l - 515 = -2*b. Calculate the remainder when l is divided by 62.
43
Let q = -266 - -327. What is the remainder when q is divided by 11?
6
Let m be 1/(((-8)/(-10))/(-4)). Calculate the remainder when (2/m)/(1/(-45)) is divided by (-15)/(-2)*16/12.
8
Let j(a) = -a**3 + 5*a**2 - 2*a + 6. Let l be j(4). Let h = -6 + l. What is the remainder when 14 is divided by h?
6
Let l = 649 - 461. What is the remainder when l is divided by 24?
20
Let k(n) = -4*n**3 - 2*n**2 + 3*n + 4. Let c be ((-3)/(-5))/(6/(-30)). Calculate the remainder when k(c) is divided by 22.
19
Let r = -5 - -10. Suppose 0 = 3*s - 4*x + 3*x - 87, -r*x = -5*s + 135. Let p(q) = -32*q + 968. Calculate the remainder when s is divided by p(30).
6
Let b(i) = 4*i + 84. What is the remainder when 179 is divided by b(-18)?
11
Let m = -65 + 138. Suppose -k = -l + 3*k + 49, l - m = -2*k. Suppose 0 = 4*x + 17 - l. What is the remainder when 33 is divided by x?
9
Let c(o) = 2*o**2 + 17*o - 87. What is the remainder when 22 is divided by c(4)?
9
Suppose -2*b - 1 = -3, -5*k + 96 = b. Suppose 0 = 7*x - 8*x + k. Let a = -6 - -13. Calculate the remainder when x is divided by a.
5
Suppose 0 = -30*i - 5*i + 80465. What is the remainder when i is divided by 25?
24
Let j be 10/2 - (-2)/(0 - -1). Calculate the remainder when 8 is divided by ((-65)/(-91))/(1/j).
3
Suppose 26*p - 30*p + 16 = 0. Calculate the remainder when 23 is divided by p.
3
Let x be (-121)/(-1)*(2 + -1). Suppose 4*s - 25 = -x. Let q = 34 + s. Calculate the remainder when 39 is divided by q.
9
Suppose -2*b + 35 = 15. What is the remainder when 14 is divided by b?
4
Let n(b) = -2*b**3 - 10*b**2 + b + 24. Let r(z) = z**3 - z + 1. Let d(f) = n(f) + 3*r(f). What is the remainder when 27 is divided by d(10)?
6
Let i(r) = -r**2 + r + 1. Let z(m) = -m**2 + 26*m + 31. Let a(n) = -2*i(n) + z(n). Let f = -22 + 134. Calculate the remainder when f is divided by a(-24).
25
Suppose -3*k + 3*c + 36 = 0, -4*k + 17*c = 16*c - 45. Suppose 216 = t + 3*t. What is the remainder when t is divided by k?
10
Let j = -75 + 118. Let v = j - 27. Let q = -23 + 32. Calculate the remainder when v is divided by q.
7
Let z(p) = -p**2 + p + 21. What is the remainder when 11682/143 - (-12)/39 is divided by z(0)?
19
Let j(u) = -2*u**2 + 39*u + 42. What is the remainder when j(20) is divided by 12?
10
Let m(t) = 3*t**3 - 2*t**2 + 8. What is the remainder when m(3) is divided by 12?
11
What is the remainder when 46 is divided by 13*2 - 31/31?
21
Let c = -16 - -18. Suppose -4*z = 3*s + c*s - 6, 3*s - z - 7 = 0. What is the remainder when 4 is divided by s?
0
Let w = 59 - 29. Let d(o) = o**3 + 4*o**2 - 5*o + 3. Let x be d(-5). Suppose -48 = -x*g - 0. What is the remainder when w is divided by g?
14
Let q(d) = d**2 + 14*d - 9. Let y be q(-15). Suppose y*m - 2*m - 56 = 0. Calculate the remainder when m is divided by 8.
6
Suppose -17487*m = -17499*m + 348. Calculate the remainder when 228/(0 + 2) + -1 is divided by m.
26
Let i = 110 + -87. Calculate the remainder when 86 is divided by i.
17
Suppose -c - 3 = -5. Suppose -7 = -c*b + 1. Let q = 1 + 0. Calculate the remainder when b is divided by q.
0
Suppose 120 = -5*i - q + 48, 0 = 2*i + 2*q + 24. Let p(u) = u**2 + 17*u + 32. Let j be p(i). What is the remainder when 48 is divided by (-5)/(-10)*10*j?
8
Let x = 71 + -43. What is the remainder when 137 is divided by x?
25
Let d(t) = 5*t**2 + 15*t - 16. Let l be d(-7). Suppose -14*a + l = -12*a. Calculate the remainder when a is divided by 32.
30
Let c be (0 - -6)*2/(-6)*-4. Let d(v) = 3*v**2 - 6*v - 18. Calculate the remainder when d(c) is divided by 130/4 + (-1)/2.
30
Let d be 16/12*(1 - -2). Let w = 116 - 84. Suppose -v + w = -d*f - 0*f, -4*v = -2*f - 156. Calculate the remainder when v is divided by 11.
7
Suppose 6*c - 7*c + 13 = 0. Suppose 5*o = -c*o + 630. What is the remainder when 135 is divided by o?
30
Let r(x) = -21*x - 8. Calculate the remainder when r(-2) is divided by 7.
6
Let h(u) = 30*u - 2. Let j be h(3). Let p = j + -61. Let l = p - 19. Calculate the remainder when 14 is divided by l.
6
Suppose -5*b - 2*g - 174 = 0, 2*g - 64 = 2*b + 14. Let q = b + 52. Let z(o) = o + 9. What is the remainder when q is divided by z(0)?
7
Suppose 357 - 1001 = -23*d. Let s = 32 + 21. What is the remainder when s is divided by d?
25
Suppose 5*v + 4*o - 482 = 0, -23*o + 25*o = 4*v - 370. Calculate the remainder when v is divided by 49.
45
Suppose -2*d + f + 10 = -3*f, -3*d = -3*f - 9. Calculate the remainder when 1 - -1 - (-1 + d) - -67 is divided by 14.
13
Suppose 0 = 5*y - 5*d - 192 - 43, 3*y = -d + 157. Let c = -370 - -396. Calculate the remainder when y is divided by c.
25
Let n = -147 - -221. Suppose -k = -18 - 8. What is the remainder when n is divided by k?
22
Let r(v) = v + 10. Let g be r(-7). Let z = 46 - 17. What is the remainder when z is divided by -20*(-2)/(1 + g)?
9
Calculate the remainder when 93 is divided by (-1)/1*(9 + 26)/(-1).
23
Let g(z) = -18*z + 24. Calculate the remainder when 382 is divided by g(0).
22
Let a = -2090 + 2110. What is the remainder when 512 is divided by a?
12
Suppose 13*s = 2993 - 627. What is the remainder when s is divided by 82?
18
Suppose j + 11 = 2*b, 2 + 26 = b - 5*j. Suppose -o = 3*w - 32, b*w - 5*o = -2 + 4. Calculate the remainder when 152 is divided by w.
8
Let r = -4 + 15. Let v = 988 + -958. What is the remainder when v is divided by r?
8
Let n = -163 - -165. Suppose -2*j + n*y = -404, -3 + 1 = y. What is the remainder when j is divided by 51?
47
Let o = -807 + 810. What is the remainder when (-1 + 13)/(-1 + 2) is divided by o?
0
Let u(r) = r**3 - 7*r**2 + 7*r + 3. Calculate the remainder when u(7) is divided by 1